*2 + 17 + 9484*p**2 - 4729*p**2 - 8*p. Give q(-10).
-3
Let c(j) be the third derivative of -7*j**6/60 + j**4/8 - j**3/3 - j**2 - 2*j - 881. Calculate c(1).
-13
Suppose 2*n - n = -10. Let a(m) = -m**3 + 15*m**2 + 8*m - 3. Let c(y) = 3*y**3 - 32*y**2 - 15*y + 6. Let r(z) = -5*a(z) - 2*c(z). Give r(n).
3
Let r = -8 - -5. Let f(v) = -8*v - 248. Let o be f(-32). Let w(z) = 3*z**2 + 1. Let k(x) = 2*x**2 + 1. Let a(n) = o*k(n) - 5*w(n). Give a(r).
12
Let n(v) = v**3 + 11*v**2 + 14*v + 25. Let h(y) = y**3 - 2*y**2 - 18*y + 4. Let i be h(5). Calculate n(i).
-129
Let r = -3613 + 3596. Let j(b) = -b**3 - 17*b**2 + 3*b - 4. Calculate j(r).
-55
Let g(l) be the third derivative of -l**6/720 - 23*l**5/120 + l**4/6 - 2*l**3/3 + 5*l**2. Let z(u) be the second derivative of g(u). Calculate z(0).
-23
Let o(h) = 6*h. Let t be o(-3). Let f be t/4 - 5/(-10) - 2. Let k = 1 + f. Let q(y) = y**3 + 6*y**2 + 8*y + 5. What is q(k)?
-10
Let v(a) = 257787*a - 515531*a + 257773*a - 203. What is v(7)?
0
Let d be 1509/27 + (-15)/(-135). Suppose 5*o - 29 = 251. Let n = d - o. Let x(m) = -m - 3. What is x(n)?
-3
Let t(n) = 2*n**3 + n**2 - n + 1. Suppose -d - 69 + 91 = 0. Let j be (-22)/(-6) - 2 - d/33. What is t(j)?
3
Let o(g) = -2*g - 26. Let p be o(-14). Suppose 0*d - p*d = 12. Let v(c) = -4*c - 11. Determine v(d).
13
Suppose 86 = 25*g - 21*g + 5*h, 5*g - 2*h - 124 = 0. Suppose 17*j + 49 = g*j. Let y(k) be the first derivative of -k**2 + 10*k + 1. Calculate y(j).
-4
Let x(r) = -5*r - 20. Let k be (7/(42/(-4)) + 2)/((-50)/75). What is x(k)?
-10
Let q(l) = 4*l. Let i(h) = -8 + 3*h - 1 + 8. Let x(z) = 5*i(z) - 4*q(z). Calculate x(-7).
2
Let n(d) = 42*d - 6*d**2 - 5 - 6*d**3 + 13*d**3 - 40*d - 8*d**3. Let h(m) = -3*m + 3. Let t be h(3). Determine n(t).
-17
Let q(z) be the second derivative of z**6/120 - z**5/12 - z**3/2 + 189*z**2/2 - 9*z - 4. Let o(b) be the first derivative of q(b). Determine o(4).
-19
Let l(f) = -f**3 + 3*f**2 - 3*f + 3. Let x = 19 - 13. Let a(t) = 0*t**2 + t**2 + 15 + 98*t - 46*t - 60*t. Let p be a(x). Determine l(p).
-6
Suppose 0 = 15*t - 16*t + 3. Suppose t*w - 44 = -29. Let y(g) = -5*g - 7. Let s(i) = -6*i - 7. Let l(u) = -6*s(u) + 7*y(u). Give l(w).
-2
Let k be ((-4)/48*3)/((-5)/(-200)*5). Let f(y) = 6*y**2 + 11*y + 16. Determine f(k).
18
Let v(n) = 23*n + 16. Let d(l) = 65*l + 2404. Let f be d(-37). Calculate v(f).
-7
Let g(a) be the first derivative of a**3/3 - 7*a**2/2 - 15*a + 22. Let y = -2720 - -2729. Calculate g(y).
3
Suppose -3*a - q = 19, -267*q = 3*a - 263*q + 4. Let z(v) = 3*v**2 - 7*v + 10. Let k(r) = -r**2 + 4*r - 5. Let o(x) = -5*k(x) - 2*z(x). What is o(a)?
-11
Let w(y) be the first derivative of 4*y**2 - 2*y - 37029. Suppose 5*h + 3*m = -13, 5*m + 3 + 4 = -h. Give w(h).
-18
Let k(a) = 2*a**2 - 32*a - 52. Let q be 1*(-1)/2*(-33 - 34 - -33). Determine k(q).
-18
Let l = -29 - -36. Suppose l - 7 = -d. Let u(i) = -4 - 6*i - i**2 + d + 4 - 1. What is u(-5)?
4
Suppose r + 1 = 0, -185 = -5*z + r - 84. Let n be (-23)/(-46)*z/2. Let w(k) = k - 4. Let i(q) = 1. Let a(h) = -4*i(h) - w(h). Determine a(n).
-5
Suppose 15*n - 16*n + 28 = -4*k, 5*n = -20. Let m(s) = 12*s**2 - 7*s + 19. Let p(t) = 18*t**2 - 11*t + 30. Let l(w) = k*m(w) + 5*p(w). Calculate l(1).
-7
Let k = -77 - -79. Let i(p) = -23 + 4*p - 144*p**2 + 145*p**k - 8*p + 5*p. Give i(0).
-23
Let r(x) = 17*x + 337. Suppose 120 = 31*u - 64*u + 27*u. Determine r(u).
-3
Let u(c) = -10*c - 28. Let w be ((-11)/(-33)*12 - 4) + -4. Calculate u(w).
12
Let d be 5*1/(-4)*4. Let s(m) = 4*m**2 - m + 3. Let q(p) = -7*p**2 + 2*p - 7. Let x(g) = -q(g) - 2*s(g). Determine x(d).
-24
Let f(u) be the third derivative of -u**6/15 - u**5/30 + u**4/24 + u**3/6 + 7476*u**2. Give f(2).
-69
Let x(f) = -11 - f**3 + 0 - 4 - 7*f + 9*f**2. Let t be (-19170)/(-2385)*1 - 2/53. Determine x(t).
-7
Let c be -5 - 2/(-4)*0. Let f be 11/2 - (-15)/30. Let y(i) = 26 + 6*i + 41 - 63 + f*i**2 + i**3. Determine y(c).
-1
Let o(d) = -d**3 - 7*d**2 - d - 7. Let p(v) = 247*v**2 + 13*v + 258*v**2 + 36 - 504*v**2. Let s be p(-6). Calculate o(s).
-37
Let p(r) = -2*r - 9. Suppose 7*b + 26 = 131. Let c be (12/3)/12*b. Suppose -24 = c*a + 6. What is p(a)?
3
Let p(w) = -79*w + 34. Let k(c) = 357*c - 137. Let x(s) = 2*k(s) + 9*p(s). Calculate x(0).
32
Let j(z) = z**2 - 8*z + 18. Let k be j(4). Suppose 0 = n - 5*o - 9, k*n - 24*o + 22*o + 6 = 0. Let f(l) = -4*l - 13. Calculate f(n).
11
Let r = -9 - 11. Let v be (2 + 4)/((-12)/r). Suppose -13*j = -v*j + 9. Let h(m) = m**3 + 3*m**2 + 2*m + 4. Give h(j).
-2
Let s(m) = -m**2 + 62*m - 171. Let l be (13 - 18) + 640/10. What is s(l)?
6
Let i(w) be the third derivative of -7*w**5/15 - w**4/6 + 5*w**3/6 - 9314*w**2. What is i(2)?
-115
Suppose -3*x = 2*n - 6*x + 1, -x = -3. Let v(c) = -5*c**2 + c**3 - 47 + 5*c - 6*c + 48 + n*c. What is v(4)?
-3
Let p(a) be the first derivative of a**6/120 + a**5/6 + a**4/4 - 13*a**3/6 + 47*a**2/2 + 85. Let o(m) be the second derivative of p(m). Determine o(-9).
14
Suppose 14*u - 5*x = 11*u, 0 = -5*u + 4*x - 13. Let h(z) = 0 + 2 + 3*z + 9. Determine h(u).
-4
Let m = 22 + -5. Let p(i) = 3*i + 12. Let h be p(-1). Let f(d) = d**2 + d - h*d - 18 + m. Calculate f(6).
-13
Let h = 413 - 411. Let a(x) = 4*x**h - 31*x**3 + 3 + 51*x**3 - 21*x**3. Let d(g) = -5*g - 1. Let n be d(-1). Calculate a(n).
3
Let y(g) = -g**2 + 8*g - 15. Let n be 30/7 + (-12)/42 - 1. Let w be y(n). Let o(f) = f + 13. What is o(w)?
13
Let p = -1509 + 1505. Let y(b) = -9*b - 19. Calculate y(p).
17
Let k(a) = 11 + 8 - 14 + 5 + 3*a. Suppose 0 = -2*y + 10, 2*n - 4*y - 58 + 90 = 0. Calculate k(n).
-8
Let k(o) = 12*o**2 + 2*o + 1. Let g = -46 - -59. Let r = 18 - g. Suppose -5*d + 4 = -4*d, 0 = -3*t + r*d - 23. Calculate k(t).
11
Let b(p) = -p**2 - 10*p - 10. Let x = -26 + 26. Suppose -3*f + x*n - 4*n - 44 = 0, -5*f + 2*n - 30 = 0. Determine b(f).
6
Suppose 0*l + 3*l = -21. Let s(y) = -72 - 70 - 75 + 221 + y**3 + 7*y**2. Determine s(l).
4
Let t(h) be the first derivative of h**2 + 6*h + 3. Let a be 3 + 0 + (-8)/(-12)*-3 + 3. Determine t(a).
14
Suppose -32*o + 8 = -63*o + 23*o. Let t(p) = 25*p**3 - 2*p**2 - 2*p - 1. Determine t(o).
-26
Let i(t) = 2*t**3 + 31*t**2 + 7*t - 31. Let a(f) = -3*f**3 - 38*f**2 - 6*f + 32. Let s(r) = -4*a(r) - 5*i(r). Calculate s(2).
9
Let r(n) = -63*n**2 + 5*n - 74*n**2 - 40 - 25*n + 136*n**2. Calculate r(-17).
11
Suppose 4*u - 23 = -3. Let h(c) = u*c - c + c**2 + 3*c - 3*c + 3. Let w be -2 + ((-10)/(-2) - 7). Give h(w).
3
Let s(a) be the first derivative of 5*a**2/2 + a + 4. Let r(y) = -y. Let f = 85 + -84. Let d(v) = f*s(v) + 6*r(v). What is d(-7)?
8
Let b(d) = 10 - d**3 - 18809*d**2 + 11*d - 25*d + 18822*d**2. What is b(12)?
-14
Let v(q) = 2*q - 10. Let a(u) be the first derivative of -3/2*u**2 - 8 + 21*u. Let i(z) = -3*a(z) - 5*v(z). What is i(-9)?
-4
Let q = 14 + -8. Let a be 4/(-6)*6 + q. Let w be ((-1)/(-2))/(a/16). Let v(n) = n. Determine v(w).
4
Let x(r) = 2 - 68*r + 32 + 35*r + 41*r + 22. Give x(-6).
8
Let q(b) = b**3 + 13*b**2 + 8*b - 38. Let j = -23544 - -23532. Determine q(j).
10
Let p(j) = j**3 - 3*j**2 - 2*j. Let y(r) = -r**3 - r**2 + r + 3. Let c be y(0). Suppose 0 = 5*x - f - 20, -x = 3*f - c + 15. What is p(x)?
-6
Let c = -67642 + 67635. Let u(n) = -n**3 + 8 - 6*n**2 + 0*n + 5*n + n. Determine u(c).
15
Let d(t) = t. Let m be (-26 + 25)/(1/(-5)). Suppose 7*n - 2*v - 12 = m*n, n = -5*v + 6. Let w(c) = 2*c**2 - c + 6. Let i(b) = n*d(b) + w(b). Give i(-4).
18
Let l(d) = -2195 + 341*d - 339*d + 2182. Let y be (-17)/(-2) - 3/6. Let j be (y - 2/(-2))*1. Calculate l(j).
5
Let a(k) = 7*k**3 - k**3 + 3*k**3 + k + 6*k**3 - 7*k**3. Let b = -965 + 964. Give a(b).
-9
Let z(c) = c**2. Let m(u) = -u**3 - 25*u**2 + 27*u + 31. Let f be m(-26). Suppose -52*k + 57*k = f. Suppose -24*d - k = -25*d. Calculate z(d).
1
Let o(p) = -6*p**2 + p**3 - 6*p + 4*p**2 - 6*p**2 + 14*p**2 + 7. Suppose 5*y + 4*a = -2 - 1, 0 = -5*y - 2*a - 9. Let u be (-3 - -2)/(y/(-21)). Calculate o(u).
0
Let f(o) = -o + 15 + 0 - 4 - 7. Let b be -3 - -3 - (-3)/9*324/36. Give f(b).
1
Let a(z) = -12*z - 29. Let w(f) = -38*f - 105. Let n(b) = -7*a(b) + 2*w(b). Give n(-5).
-47
Let f be (0 - 22/3)/(40/(-60)). Let g be (-2 - -3)/(f/44). Let r(k) = k**2 - 2*k + 1. What is r(g)?
9
Let g(n) = 2*n**3 - n**2 + 8*n - 6*n**2 - 5 - 3*n**3 